of 520 and 360?
40
Calculate the greatest common divisor of 39013 and 13.
13
What is the highest common divisor of 18 and 30258?
18
What is the highest common divisor of 100 and 250?
50
Calculate the greatest common divisor of 30 and 1110.
30
What is the greatest common factor of 525 and 1155?
105
What is the greatest common divisor of 750 and 270?
30
Calculate the highest common divisor of 168 and 2688.
168
Calculate the greatest common divisor of 940 and 180.
20
What is the greatest common divisor of 52 and 2834?
26
Calculate the highest common factor of 13 and 481.
13
Calculate the greatest common divisor of 226 and 2599.
113
Calculate the greatest common factor of 30 and 750.
30
Calculate the greatest common divisor of 21 and 15.
3
What is the greatest common factor of 55 and 319?
11
Calculate the highest common factor of 92 and 1196.
92
What is the greatest common divisor of 11916 and 72?
36
Calculate the highest common factor of 23 and 29.
1
Calculate the highest common factor of 2555 and 105.
35
Calculate the highest common factor of 297 and 6369.
33
Calculate the highest common factor of 1079 and 166.
83
What is the highest common divisor of 8 and 296?
8
What is the highest common divisor of 342 and 18?
18
What is the highest common divisor of 1116 and 396?
36
What is the highest common divisor of 441 and 657?
9
Calculate the greatest common factor of 216 and 1836.
108
Calculate the greatest common divisor of 60 and 40.
20
What is the greatest common divisor of 45 and 576?
9
Calculate the highest common factor of 36 and 5283.
9
Calculate the highest common factor of 225 and 405.
45
Calculate the highest common factor of 36 and 24.
12
Calculate the greatest common divisor of 20 and 620.
20
What is the highest common divisor of 134640 and 340?
340
What is the greatest common factor of 2052 and 76?
76
Calculate the highest common factor of 1 and 32.
1
What is the greatest common divisor of 106722 and 154?
154
Calculate the greatest common divisor of 403 and 26.
13
Calculate the highest common divisor of 1220 and 160.
20
Calculate the highest common divisor of 84 and 399.
21
Calculate the greatest common factor of 300 and 4260.
60
What is the highest common divisor of 252 and 2916?
36
What is the greatest common factor of 435 and 75?
15
Calculate the highest common divisor of 16 and 400.
16
What is the highest common divisor of 162 and 30?
6
Calculate the highest common factor of 1888 and 32.
32
Calculate the highest common divisor of 225 and 45.
45
What is the highest common divisor of 30 and 15264?
6
What is the greatest common divisor of 198 and 66?
66
Calculate the highest common divisor of 945 and 15687.
189
Calculate the greatest common divisor of 122 and 549.
61
Calculate the greatest common divisor of 17 and 17.
17
Calculate the greatest common divisor of 16730 and 70.
70
Calculate the highest common divisor of 42 and 322.
14
Calculate the greatest common factor of 27 and 2.
1
Calculate the greatest common divisor of 22 and 649.
11
Calculate the highest common factor of 10 and 15.
5
What is the greatest common divisor of 315 and 1005?
15
Calculate the highest common factor of 1392 and 435.
87
Calculate the highest common factor of 91 and 2574.
13
Calculate the greatest common factor of 12 and 1236.
12
Calculate the greatest common divisor of 124 and 279.
31
What is the highest common divisor of 150 and 825?
75
Calculate the highest common factor of 1610 and 7.
7
What is the greatest common divisor of 292 and 4?
4
What is the greatest common factor of 7570 and 10?
10
Calculate the highest common factor of 1470 and 42.
42
What is the greatest common factor of 52575 and 150?
75
What is the greatest common factor of 9937 and 57?
19
What is the greatest common divisor of 568 and 8?
8
What is the highest common factor of 4186 and 644?
322
Calculate the highest common factor of 3564 and 405.
81
What is the greatest common divisor of 13696 and 107?
107
Calculate the highest common divisor of 72 and 279.
9
What is the highest common factor of 198 and 738?
18
What is the greatest common factor of 1705 and 775?
155
What is the highest common factor of 3 and 33?
3
What is the highest common factor of 32 and 2912?
32
What is the greatest common factor of 6500 and 40?
20
Calculate the greatest common factor of 20 and 740.
20
What is the highest common divisor of 902 and 82?
82
What is the greatest common factor of 925 and 148?
37
What is the greatest common factor of 12 and 1524?
12
Calculate the greatest common divisor of 22 and 693.
11
Calculate the greatest common divisor of 418 and 1368.
38
What is the greatest common divisor of 10 and 8?
2
What is the greatest common factor of 385 and 280?
35
What is the highest common divisor of 972 and 48?
12
What is the highest common divisor of 7 and 28?
7
What is the greatest common factor of 6 and 32?
2
What is the greatest common divisor of 21 and 168?
21
Calculate the greatest common factor of 30 and 1375.
5
What is the highest common factor of 40 and 580?
20
What is the highest common divisor of 100 and 180?
20
Calculate the highest common divisor of 66 and 24.
6
What is the greatest common divisor of 56 and 5768?
56
What is the greatest common divisor of 12 and 204?
12
Calculate the highest common factor of 17 and 136.
17
Calculate the highest common divisor of 154 and 22.
22
Calculate the highest common factor of 540 and 288.
36
What is the greatest common divisor of 240 and 90?
30
What is the greatest common divisor of 61 and 4453?
61
Calculate the greatest common divisor of 33 and 220.
11
Calculate the highest common factor of 20 and 460.
20
What is the greatest common divisor of 42 and 490?
14
Calculate the highest common factor of 2 and 286.
2
What is the highest common factor of 15 and 465?
15
Calculate the greatest common divisor of 4600 and 3910.
230
Calculate the highest common divisor of 693 and 6083.
77
What is the highest common divisor of 3261 and 9?
3
Calculate the highest common factor of 15147 and 153.
153
Calculate the greatest common divisor of 68 and 15334.
34
Calculate the highest common divisor of 31 and 2.
1
What is the greatest common divisor of 115 and 69?
23
What is the highest common divisor of 186 and 2202?
6
What is the greatest common divisor of 1938 and 114?
114
What is the highest common divisor of 5 and 7?
1
Calculate the highest common factor of 4331 and 244.
61
What is the highest common divisor of 196 and 168?
28
What is the greatest common factor of 9144 and 32?
8
Calculate the greatest common factor of 2368 and 74.
74
Calculate the greatest common factor of 79164 and 72.
36
Calculate the greatest common divisor of 24 and 60.
12
What is the highest common factor of 17 and 663?
17
Calculate the highest common divisor of 9330 and 150.
30
What is the highest common factor of 64 and 24?
8
What is the highest common factor of 3641 and 121?
11
What is the greatest common factor of 480 and 195?
15
Calculate the greatest common factor of 55 and 209.
11
Calculate the greatest common divisor of 9772 and 140.
28
What is the greatest common divisor of 1196 and 208?
52
What is the greatest common factor of 95 and 1216?
19
Calculate the greatest common divisor of 1677 and 129.
129
Calculate the highest common factor of 39 and 18317.
13
Calculate the greatest common factor of 63 and 861.
21
Calculate the greatest common divisor of 70 and 63.
7
Calculate the greatest common factor of 16 and 2.
2
What is the highest common factor of 16 and 27?
1
Calculate the greatest common divisor of 2575 and 100.
25
What is the highest common factor of 25669 and 133?
133
Calculate the highest common divisor of 96 and 64.
32
Calculate the highest common factor of 385 and 75.
5
Calculate the greatest common divisor of 2430 and 450.
90
Calculate the highest common factor of 116 and 725.
29
What is the highest common divisor of 4 and 1772?
4
What is the greatest common factor of 130 and 1270?
10
Calculate the greatest common factor of 351 and 54.
27
Calculate the highest common factor of 550 and 6820.
110
What is the highest common factor of 220 and 15620?
220
What is the highest common factor of 65 and 715?
65
Calculate the highest common divisor of 24 and 276.
12
Calculate the highest comm